{"id":4672,"date":"2026-02-14T10:11:51","date_gmt":"2026-02-14T09:11:51","guid":{"rendered":"https:\/\/www.ms-luzicka.cz\/?page_id=4672"},"modified":"2026-02-14T10:28:02","modified_gmt":"2026-02-14T09:28:02","slug":"o-nas","status":"publish","type":"page","link":"https:\/\/www.ms-luzicka.cz\/?page_id=4672","title":{"rendered":"O n\u00e1s"},"content":{"rendered":"\n<p><strong><em>Motto: \u201eU n\u00e1s jsou d\u011bti \u0161\u0165astn\u00e9 a spokojen\u00e9\u201c<\/em><\/strong><\/p>\n\n\n\n<p>Mate\u0159sk\u00e1 \u0161kola poskytuje p\u0159ed\u0161koln\u00ed vzd\u011bl\u00e1v\u00e1n\u00ed na dvou za\u0159\u00edzen\u00edch, v budov\u011b M\u0160 Lu\u017eick\u00e1 v ulici Severn\u00ed, kde s\u00eddl\u00ed \u0159editelstv\u00ed \u0161koly, a na odlou\u010den\u00e9m pracovi\u0161ti M\u0160 Slav\u00ed\u010dkova v ulici Slav\u00ed\u010dkova.<\/p>\n\n\n\n<ul class=\"wp-block-list\">\n<li>Celkov\u00e1 kapacita \u0161koly je 190 d\u011bt\u00ed.<\/li>\n\n\n\n<li>Provozn\u00ed doba M\u0160 Lu\u017eick\u00e1: 6,30 &#8211; 16,30 hodin.<\/li>\n\n\n\n<li>Provozn\u00ed doba M\u0160 Slav\u00ed\u010dkova: 6,15 &#8211; 16,45 hodin.<\/li>\n\n\n\n<li>Nab\u00edz\u00edme bezpe\u010dn\u00e9, klidn\u00e9 a podn\u011btn\u00e9 prost\u0159ed\u00ed s pestrou nab\u00eddkou aktivit.<\/li>\n\n\n\n<li>T\u0159\u00eddy jsou vybaveny nov\u00fdm n\u00e1bytkem, modern\u00edmi hra\u010dkami a didaktick\u00fdmi pom\u016fckami v hrac\u00edch koutc\u00edch tzv. \u201ecentrech aktivit\u201c (v\u00fdtvarn\u00fd, dopravn\u00ed a hudebn\u00ed, knihovna, stoln\u00ed hry, kuchy\u0148ka, stavebnice, pokusy a objevy aj.).<\/li>\n\n\n\n<li>D\u011bti si v koutc\u00edch vol\u00ed \u010dinnosti podle sv\u00e9ho z\u00e1jmu, u\u010d\u00ed se samy rozhodovat a respektovat ostatn\u00ed.<\/li>\n\n\n\n<li>Denn\u00ed re\u017eim je pru\u017en\u00fd a p\u0159izp\u016fsobuje se individu\u00e1ln\u00edm pot\u0159eb\u00e1m d\u011bt\u00ed, v\u010detn\u011b mo\u017enosti relaxace a odpo\u010dinku.<\/li>\n\n\n\n<li>Dopoledne up\u0159ednost\u0148ujeme pobyt venku na \u010derstv\u00e9m vzduchu, zat\u00edmco odpoledne je v\u011bnov\u00e1no rozmanit\u00fdm aktivit\u00e1m a voln\u00e9 h\u0159e.<\/li>\n\n\n\n<li>O d\u011bti pe\u010duje kvalifikovan\u00fd person\u00e1l.<\/li>\n\n\n\n<li>U\u010ditel je pr\u016fvodcem d\u00edt\u011bte, podporuje jeho zv\u00eddavost a touhu pozn\u00e1vat sv\u011bt.<\/li>\n\n\n\n<li>Klademe d\u016fraz na podporu z\u00e1jmu o dal\u0161\u00ed vzd\u011bl\u00e1v\u00e1n\u00ed a systematick\u00e9 veden\u00ed k samostatnosti, spolupr\u00e1ci a rozvoje zdrav\u00e9ho sebev\u011bdom\u00ed d\u011bt\u00ed a tak\u00e9 p\u0159\u00edpravy na vstup do Z\u0160.<\/li>\n\n\n\n<li>D\u016fle\u017eit\u00e1 je pro n\u00e1s \u00fazk\u00e1 spolupr\u00e1ce rodiny a \u0161koly (\u0161koln\u00ed akce, konzultace\u2026).<\/li>\n\n\n\n<li>D\u00e1le spolupracujeme s nejr\u016fzn\u011bj\u0161\u00edmi institucemi (kultura, Z\u0160, exkurze, IZS\u2026).<\/li>\n\n\n\n<li>Vlastn\u00ed kuchyn\u011b zaji\u0161\u0165uje stravu pro ob\u011b na\u0161e mate\u0159sk\u00e9 \u0161koly dle z\u00e1sad zdrav\u00e9 v\u00fd\u017eivy.<\/li>\n\n\n\n<li>Komfort prost\u0159ed\u00ed zvy\u0161uj\u00ed nov\u00e9 soci\u00e1ln\u00ed za\u0159\u00edzen\u00ed a um\u00fdv\u00e1rny na obou pracovi\u0161t\u00edch.<\/li>\n\n\n\n<li>Budova M\u0160 Lu\u017eick\u00e1 je zrekonstruov\u00e1na (fas\u00e1da, okna a rekuperace).<\/li>\n\n\n\n<li>Ob\u011b mate\u0159sk\u00e9 \u0161koly maj\u00ed kr\u00e1snou a prostornou zahradu s travnatou plochou, mnoha vzrostl\u00fdmi stromy a ke\u0159i, rozmanit\u00fdmi hern\u00edmi prvky a zast\u00edn\u011bn\u00e1 p\u00edskovi\u0161t\u011b.<\/li>\n<\/ul>\n\n\n\n<p><\/p>\n","protected":false},"excerpt":{"rendered":"<p><!-- wp:paragraph --><\/p>\n<p><strong><em>Motto: \u201eU n\u00e1s jsou d\u011bti \u0161\u0165astn\u00e9 a spokojen\u00e9\u201c<\/em><\/strong><\/p>\n<p><!-- \/wp:paragraph --><\/p>\n<p><!-- wp:paragraph --><\/p>\n<p>Mate\u0159sk\u00e1 \u0161kola poskytuje p\u0159ed\u0161koln\u00ed vzd\u011bl\u00e1v\u00e1n\u00ed na dvou za\u0159\u00edzen\u00edch, v budov\u011b M\u0160 Lu\u017eick\u00e1 v ulici Severn\u00ed, kde s\u00eddl\u00ed \u0159editelstv\u00ed \u0161koly, a na odlou\u010den\u00e9m pracovi\u0161ti M\u0160 Slav\u00ed\u010dkova v ulici Slav\u00ed\u010dkova.<\/p>\n<p><!-- \/wp:paragraph --><\/p>\n<p><!-- wp:list --><\/p>\n<ul class=\"wp-block-list\"><!-- wp:list-item --><\/p>\n<li>Celkov\u00e1 kapacita \u0161koly je 190 d\u011bt\u00ed.<\/li>\n<p><!-- \/wp:list-item --><\/p>\n<p><!-- wp:list-item --><\/p>\n<li>Provozn\u00ed doba M\u0160 Lu\u017eick\u00e1: 6,30 &#8211; 16,30 hodin.<\/li>\n<p><!-- \/wp:list-item --><\/p>\n<p><!-- wp:list-item --><\/p>\n<li>Provozn\u00ed doba M\u0160 Slav\u00ed\u010dkova: 6,15 &#8211; 16,45 hodin.<\/li>\n<p><!-- \/wp:list-item --><\/p>\n<p><!-- wp:list-item --><\/p>\n<li>Nab\u00edz\u00edme bezpe\u010dn\u00e9, klidn\u00e9 a podn\u011btn\u00e9 prost\u0159ed\u00ed s pestrou nab\u00eddkou aktivit.<\/li>\n<p><!-- \/wp:list-item --><\/p>\n<p><!-- wp:list-item --><\/p>\n<li>T\u0159\u00eddy jsou vybaveny nov\u00fdm n\u00e1bytkem, modern\u00edmi hra\u010dkami a didaktick\u00fdmi pom\u016fckami v hrac\u00edch koutc\u00edch tzv.<\/li>\n<\/ul>\n","protected":false},"author":2,"featured_media":0,"parent":0,"menu_order":0,"comment_status":"closed","ping_status":"closed","template":"","meta":{"ngg_post_thumbnail":0,"footnotes":""},"class_list":["post-4672","page","type-page","status-publish","hentry"],"_links":{"self":[{"href":"https:\/\/www.ms-luzicka.cz\/index.php?rest_route=\/wp\/v2\/pages\/4672"}],"collection":[{"href":"https:\/\/www.ms-luzicka.cz\/index.php?rest_route=\/wp\/v2\/pages"}],"about":[{"href":"https:\/\/www.ms-luzicka.cz\/index.php?rest_route=\/wp\/v2\/types\/page"}],"author":[{"embeddable":true,"href":"https:\/\/www.ms-luzicka.cz\/index.php?rest_route=\/wp\/v2\/users\/2"}],"replies":[{"embeddable":true,"href":"https:\/\/www.ms-luzicka.cz\/index.php?rest_route=%2Fwp%2Fv2%2Fcomments&post=4672"}],"version-history":[{"count":6,"href":"https:\/\/www.ms-luzicka.cz\/index.php?rest_route=\/wp\/v2\/pages\/4672\/revisions"}],"predecessor-version":[{"id":4683,"href":"https:\/\/www.ms-luzicka.cz\/index.php?rest_route=\/wp\/v2\/pages\/4672\/revisions\/4683"}],"wp:attachment":[{"href":"https:\/\/www.ms-luzicka.cz\/index.php?rest_route=%2Fwp%2Fv2%2Fmedia&parent=4672"}],"curies":[{"name":"wp","href":"https:\/\/api.w.org\/{rel}","templated":true}]}}

O nás

<p><strong><em>Motto: „U nás jsou děti šťastné a spokojené“</em></strong></p>



<p>Mateřská škola poskytuje předškolní vzdělávání na dvou zařízeních, v budově MŠ Lužická v ulici Severní, kde sídlí ředitelství školy, a na odloučeném pracovišti MŠ Slavíčkova v ulici Slavíčkova.</p>



<ul class="wp-block-list">
<li>Celková kapacita školy je 190 dětí.</li>



<li>Provozní doba MŠ Lužická: 6,30 &#8211; 16,30 hodin.</li>



<li>Provozní doba MŠ Slavíčkova: 6,15 &#8211; 16,45 hodin.</li>



<li>Nabízíme bezpečné, klidné a podnětné prostředí s pestrou nabídkou aktivit.</li>



<li>Třídy jsou vybaveny novým nábytkem, moderními hračkami a didaktickými pomůckami v hracích koutcích tzv. „centrech aktivit“ (výtvarný, dopravní a hudební, knihovna, stolní hry, kuchyňka, stavebnice, pokusy a objevy aj.).</li>



<li>Děti si v koutcích volí činnosti podle svého zájmu, učí se samy rozhodovat a respektovat ostatní.</li>



<li>Denní režim je pružný a přizpůsobuje se individuálním potřebám dětí, včetně možnosti relaxace a odpočinku.</li>



<li>Dopoledne upřednostňujeme pobyt venku na čerstvém vzduchu, zatímco odpoledne je věnováno rozmanitým aktivitám a volné hře.</li>



<li>O děti pečuje kvalifikovaný personál.</li>



<li>Učitel je průvodcem dítěte, podporuje jeho zvídavost a touhu poznávat svět.</li>



<li>Klademe důraz na podporu zájmu o další vzdělávání a systematické vedení k samostatnosti, spolupráci a rozvoje zdravého sebevědomí dětí a také přípravy na vstup do ZŠ.</li>



<li>Důležitá je pro nás úzká spolupráce rodiny a školy (školní akce, konzultace…).</li>



<li>Dále spolupracujeme s nejrůznějšími institucemi (kultura, ZŠ, exkurze, IZS…).</li>



<li>Vlastní kuchyně zajišťuje stravu pro obě naše mateřské školy dle zásad zdravé výživy.</li>



<li>Komfort prostředí zvyšují nové sociální zařízení a umývárny na obou pracovištích.</li>



<li>Budova MŠ Lužická je zrekonstruována (fasáda, okna a rekuperace).</li>



<li>Obě mateřské školy mají krásnou a prostornou zahradu s travnatou plochou, mnoha vzrostlými stromy a keři, rozmanitými herními prvky a zastíněná pískoviště.</li>
</ul>



<p></p>

<p><!-- wp:paragraph --></p>
<p><strong><em>Motto: „U nás jsou děti šťastné a spokojené“</em></strong></p>
<p><!-- /wp:paragraph --></p>
<p><!-- wp:paragraph --></p>
<p>Mateřská škola poskytuje předškolní vzdělávání na dvou zařízeních, v budově MŠ Lužická v ulici Severní, kde sídlí ředitelství školy, a na odloučeném pracovišti MŠ Slavíčkova v ulici Slavíčkova.</p>
<p><!-- /wp:paragraph --></p>
<p><!-- wp:list --></p>
<ul class="wp-block-list"><!-- wp:list-item --></p>
<li>Celková kapacita školy je 190 dětí.</li>
<p><!-- /wp:list-item --></p>
<p><!-- wp:list-item --></p>
<li>Provozní doba MŠ Lužická: 6,30 &#8211; 16,30 hodin.</li>
<p><!-- /wp:list-item --></p>
<p><!-- wp:list-item --></p>
<li>Provozní doba MŠ Slavíčkova: 6,15 &#8211; 16,45 hodin.</li>
<p><!-- /wp:list-item --></p>
<p><!-- wp:list-item --></p>
<li>Nabízíme bezpečné, klidné a podnětné prostředí s pestrou nabídkou aktivit.</li>
<p><!-- /wp:list-item --></p>
<p><!-- wp:list-item --></p>
<li>Třídy jsou vybaveny novým nábytkem, moderními hračkami a didaktickými pomůckami v hracích koutcích tzv.</li>
</ul>
