{"id":253,"date":"2021-02-13T16:05:32","date_gmt":"2021-02-13T15:05:32","guid":{"rendered":"https:\/\/www.ms-luzicka.cz\/?page_id=253"},"modified":"2026-02-16T14:46:20","modified_gmt":"2026-02-16T13:46:20","slug":"deti-jsou-prijimany-zpravidla-od-tri-let","status":"publish","type":"page","link":"https:\/\/www.ms-luzicka.cz\/?page_id=253","title":{"rendered":"D\u016fle\u017eit\u00e1 je pro n\u00e1s \u00fazk\u00e1 spolupr\u00e1ce rodiny a \u0161koly zalo\u017een\u00e1 na vz\u00e1jemn\u00e9 d\u016fv\u011b\u0159e, po\u0159\u00e1d\u00e1me mnoho spole\u010dn\u00fdch akc\u00ed pro d\u011bti a rodi\u010de."},"content":{"rendered":"","protected":false},"excerpt":{"rendered":"","protected":false},"author":2,"featured_media":0,"parent":0,"menu_order":0,"comment_status":"closed","ping_status":"closed","template":"","meta":{"ngg_post_thumbnail":0,"footnotes":""},"class_list":["post-253","page","type-page","status-publish","hentry"],"_links":{"self":[{"href":"https:\/\/www.ms-luzicka.cz\/index.php?rest_route=\/wp\/v2\/pages\/253"}],"collection":[{"href":"https:\/\/www.ms-luzicka.cz\/index.php?rest_route=\/wp\/v2\/pages"}],"about":[{"href":"https:\/\/www.ms-luzicka.cz\/index.php?rest_route=\/wp\/v2\/types\/page"}],"author":[{"embeddable":true,"href":"https:\/\/www.ms-luzicka.cz\/index.php?rest_route=\/wp\/v2\/users\/2"}],"replies":[{"embeddable":true,"href":"https:\/\/www.ms-luzicka.cz\/index.php?rest_route=%2Fwp%2Fv2%2Fcomments&post=253"}],"version-history":[{"count":2,"href":"https:\/\/www.ms-luzicka.cz\/index.php?rest_route=\/wp\/v2\/pages\/253\/revisions"}],"predecessor-version":[{"id":4699,"href":"https:\/\/www.ms-luzicka.cz\/index.php?rest_route=\/wp\/v2\/pages\/253\/revisions\/4699"}],"wp:attachment":[{"href":"https:\/\/www.ms-luzicka.cz\/index.php?rest_route=%2Fwp%2Fv2%2Fmedia&parent=253"}],"curies":[{"name":"wp","href":"https:\/\/api.w.org\/{rel}","templated":true}]}}