{"id":2307,"date":"2024-09-24T12:22:22","date_gmt":"2024-09-24T10:22:22","guid":{"rendered":"http:\/\/www.ms-luzicka.cz\/?page_id=2307"},"modified":"2024-10-03T11:34:45","modified_gmt":"2024-10-03T09:34:45","slug":"organizace-dne","status":"publish","type":"page","link":"https:\/\/www.ms-luzicka.cz\/?page_id=2307","title":{"rendered":"Organizace dne M\u0160 Lu\u017eick\u00e1"},"content":{"rendered":"\t\t<div data-elementor-type=\"wp-page\" data-elementor-id=\"2307\" class=\"elementor elementor-2307\" data-elementor-settings=\"[]\">\n\t\t\t<div class=\"elementor-inner\">\n\t\t\t\t<div class=\"elementor-section-wrap\">\n\t\t\t\t\t\t\t<section class=\"elementor-element elementor-element-4af5e08 elementor-section-stretched elementor-section-boxed elementor-section-height-default elementor-section-height-default elementor-section elementor-top-section\" data-id=\"4af5e08\" data-element_type=\"section\" data-settings=\"{&quot;stretch_section&quot;:&quot;section-stretched&quot;}\">\n\t\t\t\t\t\t<div class=\"elementor-container elementor-column-gap-default\">\n\t\t\t\t<div class=\"elementor-row\">\n\t\t\t\t<div class=\"elementor-element elementor-element-43c78d7 elementor-column elementor-col-100 elementor-top-column\" data-id=\"43c78d7\" data-element_type=\"column\">\n\t\t\t<div class=\"elementor-column-wrap  elementor-element-populated\">\n\t\t\t\t\t<div class=\"elementor-widget-wrap\">\n\t\t\t\t<div class=\"elementor-element elementor-element-0f3bfe0 elementor-widget elementor-widget-text-editor\" data-id=\"0f3bfe0\" data-element_type=\"widget\" data-widget_type=\"text-editor.default\">\n\t\t\t\t<div class=\"elementor-widget-container\">\n\t\t\t\t\t<div class=\"elementor-text-editor elementor-clearfix\"><head>\n<meta http-equiv=Content-Type content=\"text\/html; charset=windows-1250\">\n<meta name=Generator content=\"Microsoft Word 15 (filtered)\">\n<title>Orienta\u010dn\u00ed \u010dasov\u00e9 rozvr\u017een\u00ed denn\u00edho re\u017eimu<\/title>\n<style>\n<!--\n \/* Font Definitions *\/\n @font-face\n\t{font-family:Wingdings;\n\tpanose-1:5 0 0 0 0 0 0 0 0 0;}\n@font-face\n\t{font-family:\"Cambria Math\";\n\tpanose-1:2 4 5 3 5 4 6 3 2 4;}\n@font-face\n\t{font-family:Calibri;\n\tpanose-1:2 15 5 2 2 2 4 3 2 4;}\n \/* Style Definitions *\/\n p.MsoNormal, li.MsoNormal, div.MsoNormal\n\t{margin:0cm;\n\tfont-size:12.0pt;\n\tfont-family:\"Times New Roman\",serif;}\nspan.acopre\n\t{mso-style-name:acopre;}\n@page WordSection1\n\t{size:595.3pt 841.9pt;\n\tmargin:48.2pt 49.6pt 48.2pt 2.0cm;}\ndiv.WordSection1\n\t{page:WordSection1;}\n \/* List Definitions *\/\n ol\n\t{margin-bottom:0cm;}\nul\n\t{margin-bottom:0cm;}\n-->\n<\/style>\n\n<\/head>\n\n<body lang=CS style='word-wrap:break-word'>\n\n<div class=WordSection1>\n\n<p class=MsoNormal align=center style='text-align:center'><b><span\nstyle='font-size:22.0pt'>JAK VYPAD\u00c1 DEN V&nbsp;MATE\u0158SK\u00c9 \u0160KOLE<\/span><\/b><\/p>\n\n<p class=MsoNormal align=center style='text-align:center'><b><span\nstyle='font-size:14.0pt'>&nbsp;<\/span><\/b><\/p>\n\n<p class=MsoNormal align=center style='text-align:center;line-height:115%'><span\nstyle='font-size:14.0pt;line-height:115%'>\u010casov\u00e9 rozvr\u017een\u00ed dne je pouze\norienta\u010dn\u00ed a p\u0159izp\u016fsobuje se v\u011bku, pot\u0159eb\u00e1m d\u011bt\u00ed a&nbsp;konkr\u00e9tn\u00edmu denn\u00edmu\nprogramu \u0161koly.<\/span><\/p>\n\n<p class=MsoNormal align=center style='text-align:center'><span\nstyle='font-size:10.0pt'>&nbsp;<\/span><\/p>\n\n<p class=MsoNormal><b><span style='font-size:16.0pt'>Od 6,30 hodin sch\u00e1zen\u00ed\nd\u011bt\u00ed, rann\u00ed hry a \u010dinnosti<\/span><\/b><span style='font-size:16.0pt'> <b>dle\nvolby a p\u0159\u00e1n\u00ed d\u011bt\u00ed<\/b><\/span><\/p>\n\n<p class=MsoNormal style='margin-left:1.0cm;text-align:justify;text-indent:\n-14.15pt'><span style='font-size:14.0pt;font-family:Symbol'>\u00b7<span\nstyle='font:7.0pt \"Times New Roman\"'>&nbsp;&nbsp;&nbsp; <\/span><\/span><span\nstyle='font-size:14.0pt'>D\u011bti si vol\u00ed samostatn\u00e9 nebo spole\u010dn\u00e9 \u010dinnosti z\nnab\u00eddky aktivit, kter\u00e9 souvis\u00ed s&nbsp;aktu\u00e1ln\u00edm t\u0159\u00eddn\u00edm vzd\u011bl\u00e1vac\u00edm pl\u00e1nem nebo\ndle jejich z\u00e1jmu. <\/span><\/p>\n\n<p class=MsoNormal style='margin-left:64.35pt;text-align:justify;text-indent:\n-18.0pt'><span style='font-size:14.0pt'>&#8211;<span style='font:7.0pt \"Times New Roman\"'>&nbsp;&nbsp;&nbsp;&nbsp;&nbsp;&nbsp;\n<\/span><\/span><span style='font-size:14.0pt'>\u010cinnost d\u011blaj\u00ed d\u011bti bez p\u0159\u00edm\u00e9ho\nveden\u00ed u\u010ditelkou \u2013 samostatn\u011b.<\/span><\/p>\n\n<p class=MsoNormal style='margin-left:64.35pt;text-align:justify;text-indent:\n-18.0pt'><span style='font-size:14.0pt'>&#8211;<span style='font:7.0pt \"Times New Roman\"'>&nbsp;&nbsp;&nbsp;&nbsp;&nbsp;&nbsp;\n<\/span><\/span><span style='font-size:14.0pt'>\u010cinnost je zalo\u017eena na spolupr\u00e1ci\nd\u011bt\u00ed.<\/span><\/p>\n\n<p class=MsoNormal style='margin-left:64.35pt;text-align:justify;text-indent:\n-18.0pt'><span style='font-size:14.0pt'>&#8211;<span style='font:7.0pt \"Times New Roman\"'>&nbsp;&nbsp;&nbsp;&nbsp;&nbsp;&nbsp;\n<\/span><\/span><span style='font-size:14.0pt'>\u010cinnost d\u011btem umo\u017e\u0148uje volit\nvlastn\u00ed postup, samy objevuj\u00ed\u00a0 <\/span><\/p>\n\n<p class=MsoNormal style='margin-left:64.35pt;text-align:justify;text-indent:\n-18.0pt'><span style='font-size:14.0pt'>\u00a0\u00a0\u00a0\u00a0 jednotliv\u00e9 kroky \u0159e\u0161en\u00ed \u00fakolu. <\/span><\/p>\n\n<p class=MsoNormal style='margin-left:64.35pt;text-align:justify;text-indent:\n-18.0pt'><span style='font-size:14.0pt'>&#8211;<span style='font:7.0pt \"Times New Roman\"'>&nbsp;&nbsp;&nbsp;&nbsp;&nbsp;&nbsp;\n<\/span><\/span><span style='font-size:14.0pt'>K \u010dinnosti si d\u011bti samy vol\u00ed\npom\u016fcky, materi\u00e1ly. V\u0161e pot\u0159ebn\u00e9\u00a0\u00a0\u00a0 <\/span><\/p>\n\n<p class=MsoNormal style='margin-left:64.35pt;text-align:justify'><span\nstyle='font-size:14.0pt'>si p\u0159ichystaj\u00ed i uklid\u00ed. U\u010ditel m\u00e1 roli pr\u016fvodce,\nd\u011btem je oporou.<\/span><\/p>\n\n<p class=MsoNormal style='margin-left:64.35pt;text-align:justify'><b><span\nstyle='font-size:10.0pt'>&nbsp;<\/span><\/b><\/p>\n\n<p class=MsoNormal><b><span style='font-size:16.0pt'>Od 8,15 hodin rann\u00ed kruh, cvi\u010den\u00ed,\nhygiena, p\u0159esn\u00edd\u00e1vka \u00a0\u00a0<\/span><\/b><\/p>\n\n<p class=MsoNormal style='margin-left:1.0cm;text-indent:-14.15pt'><span\nstyle='font-size:14.0pt;font-family:Symbol'>\u00b7<span style='font:7.0pt \"Times New Roman\"'>&nbsp;&nbsp;&nbsp;\n<\/span><\/span><span style='font-size:14.0pt'>V\u00edt\u00e1me den \u2013 t\u0159\u00eddn\u00ed ritu\u00e1l\n(doch\u00e1zka d\u011bt\u00ed, n\u00e1zev dne, m\u011bs\u00edce, ro\u010dn\u00ed obdob\u00ed,\u00a0 <\/span><\/p>\n\n<p class=MsoNormal style='margin-left:21.3pt;text-align:justify'><span\nstyle='font-size:14.0pt'>\u00a0\u00a0\u00a0\u00a0\u00a0\u00a0\u00a0\u00a0\u00a0\u00a0\u00a0\u00a0\u00a0\u00a0\u00a0\u00a0\u00a0\u00a0\u00a0\u00a0\u00a0\u00a0\u00a0\u00a0 vyzna\u010den\u00ed po\u010das\u00ed), spole\u010dn\u00e9\nsd\u00edlen\u00ed z\u00e1\u017eitk\u016f, b\u00e1sni\u010dky,\u00a0 <\/span><\/p>\n\n<p class=MsoNormal style='margin-left:21.3pt;text-align:justify'><span\nstyle='font-size:14.0pt'>\u00a0\u00a0\u00a0\u00a0\u00a0\u00a0\u00a0\u00a0\u00a0\u00a0\u00a0\u00a0\u00a0\u00a0\u00a0\u00a0\u00a0\u00a0\u00a0\u00a0\u00a0\u00a0\u00a0\u00a0 jazykov\u00e9 cviky, diskuse<\/span><\/p>\n\n<p class=MsoNormal style='margin-left:1.0cm;text-align:justify;text-indent:\n-14.15pt'><span style='font-size:14.0pt;font-family:Symbol'>\u00b7<span\nstyle='font:7.0pt \"Times New Roman\"'>&nbsp;&nbsp;&nbsp; <\/span><\/span><span\nstyle='font-size:14.0pt'>Cvi\u010den\u00ed \u2013\u00a0\u00a0\u00a0\u00a0\u00a0\u00a0 ch\u016fze, b\u011bh, poskoky, tanec, zdravotn\u00ed a\nfyzioterapeutick\u00e9 cviky, <\/span><\/p>\n\n<p class=MsoNormal style='margin-left:1.0cm;text-align:justify'><span\nstyle='font-size:14.0pt'>\u00a0\u00a0\u00a0\u00a0\u00a0\u00a0\u00a0\u00a0\u00a0\u00a0\u00a0\u00a0\u00a0\u00a0\u00a0\u00a0\u00a0\u00a0\u00a0\u00a0\u00a0\u00a0 aktivity s n\u00e1\u010din\u00edm, pohybov\u00e9\nhry, relaxace<\/span><\/p>\n\n<p class=MsoNormal style='margin-left:1.0cm;text-align:justify;text-indent:\n-14.15pt'><span style='font-size:14.0pt;font-family:Symbol'>\u00b7<span\nstyle='font:7.0pt \"Times New Roman\"'>&nbsp;&nbsp;&nbsp; <\/span><\/span><span\nstyle='font-size:14.0pt'>Hygiena, p\u0159esn\u00edd\u00e1vka<\/span><\/p>\n\n<p class=MsoNormal style='margin-left:1.0cm;text-align:justify'><span\nstyle='font-size:10.0pt'>&nbsp;<\/span><\/p>\n\n<p class=MsoNormal><b><span style='font-size:16.0pt'>Od 8,15 do 12,15 hodin\nprob\u00edh\u00e1 povinn\u00e9 vzd\u011bl\u00e1v\u00e1n\u00ed p\u0159ed\u0161kol\u00e1k\u016f<\/span><\/b><\/p>\n\n<p class=MsoNormal style='margin-left:1.0cm;text-align:justify;text-indent:\n-14.15pt'><span style='font-size:14.0pt;font-family:Symbol'>\u00b7<span\nstyle='font:7.0pt \"Times New Roman\"'>&nbsp;&nbsp;&nbsp; <\/span><\/span><span\nstyle='font-size:14.0pt'>P<\/span><span style='font-size:15.0pt'>\u0159\u00edprava\np\u0159ed\u0161kol\u00e1k\u016f do Z\u0160.<\/span><\/p>\n\n<p class=MsoNormal style='margin-left:3.0pt'><span style='font-size:10.0pt'>&nbsp;<\/span><\/p>\n\n<p class=MsoNormal style='margin-left:3.0pt;text-indent:-3.0pt'><b><span\nstyle='font-size:16.0pt'>Od 9,00 hodin tvo\u0159iv\u00e9 hry a \u010dinnosti, sebehodnocen\u00ed<\/span><\/b><\/p>\n\n<p class=MsoNormal style='margin-left:1.0cm;text-align:justify;text-indent:\n-14.15pt;line-height:115%'><span style='font-size:14.0pt;line-height:115%;\nfont-family:Symbol'>\u00b7<span style='font:7.0pt \"Times New Roman\"'>&nbsp;&nbsp;&nbsp;\n<\/span><\/span><span style='font-size:14.0pt;line-height:115%'>Pokra\u010dov\u00e1n\u00ed v\n\u0159\u00edzen\u00fdch nebo spont\u00e1nn\u00edch \u010dinnostech a hr\u00e1ch d\u011bt\u00ed, v\u00fduka&nbsp;<span\nclass=acopre>individualizovan\u00e1, <\/span>skupinov\u00e1<span class=acopre>\n(kooperativn\u00ed), individu\u00e1ln\u00ed, hromadn\u00e1 <\/span>(front\u00e1ln\u00ed)<\/span><\/p>\n\n<p class=MsoNormal style='margin-left:1.0cm;text-align:justify;text-indent:\n-14.15pt;line-height:115%'><span style='font-size:14.0pt;line-height:115%;\nfont-family:Symbol'>\u00b7<span style='font:7.0pt \"Times New Roman\"'>&nbsp;&nbsp;&nbsp;\n<\/span><\/span><span style='font-size:14.0pt;line-height:115%'>sebehodnocen\u00ed\nd\u011bt\u00ed, reflexe.<\/span><\/p>\n\n<p class=MsoNormal style='margin-left:3.0pt'><b><span style='font-size:10.0pt'>&nbsp;<\/span><\/b><\/p>\n\n<p class=MsoNormal><b><span style='font-size:16.0pt'>Od 9,30 hodin pobyt venku<\/span><\/b><span\nstyle='font-size:16.0pt'> <\/span><\/p>\n\n<p class=MsoNormal style='margin-left:1.0cm;text-align:justify;text-indent:\n-14.15pt'><span style='font-size:14.0pt;font-family:Symbol'>\u00b7<span\nstyle='font:7.0pt \"Times New Roman\"'>&nbsp;&nbsp;&nbsp; <\/span><\/span><span\nstyle='font-size:14.0pt'>Se\u0159azen\u00ed, reflexn\u00ed vesty, vych\u00e1zka nebo pohybov\u00e9\naktivity a hry na zahrad\u011b, tvo\u0159en\u00ed z&nbsp;p\u0159\u00edrodnin, environment\u00e1ln\u00ed\nvzd\u011bl\u00e1v\u00e1n\u00ed.<\/span><\/p>\n\n<p class=MsoNormal><span style='font-size:10.0pt'>&nbsp;<\/span><\/p>\n\n<p class=MsoNormal><b><span style='font-size:16.0pt'>Od 11,30 hodin hygiena,\nob\u011bd <\/span><\/b><\/p>\n\n<p class=MsoNormal><b><span style='font-size:10.0pt'>&nbsp;<\/span><\/b><\/p>\n\n<p class=MsoNormal><b><span style='font-size:16.0pt'>Od 12,15 hodin odpo\u010dinek<\/span><\/b><\/p>\n\n<p class=MsoNormal style='margin-left:1.0cm;text-align:justify;text-indent:\n-14.15pt'><span style='font-size:14.0pt;font-family:Symbol'>\u00b7<span\nstyle='font:7.0pt \"Times New Roman\"'>&nbsp;&nbsp;&nbsp; <\/span><\/span><span\nstyle='font-size:14.0pt'>\u010cetba poh\u00e1dek, prohl\u00ed\u017een\u00ed \u010dasopis\u016f, <\/span><span\nstyle='font-size:15.0pt'>klidn\u00e9 aktivity d\u011bt\u00ed, kter\u00e9 nesp\u00ed.<\/span><\/p>\n\n<p class=MsoNormal><span style='font-size:10.0pt'>&nbsp;<\/span><\/p>\n\n<p class=MsoNormal style='margin-left:3.0pt;text-indent:-3.0pt'><b><span\nstyle='font-size:16.0pt'>Od 14,00 hodin hygiena, sva\u010dina <\/span><\/b><\/p>\n\n<p class=MsoNormal><span style='font-size:10.0pt'>&nbsp;<\/span><\/p>\n\n<p class=MsoNormal><b><span style='font-size:16.0pt'>Od 14,30 hodin z\u00e1jmov\u00e9 hry\na \u010dinnosti, rozch\u00e1zen\u00ed d\u011bt\u00ed dom\u016f<\/span><\/b><\/p>\n\n<p class=MsoNormal style='margin-left:1.0cm;text-align:justify;text-indent:\n-14.15pt;line-height:115%'><span style='font-size:14.0pt;line-height:115%;\nfont-family:Symbol'>\u00b7<span style='font:7.0pt \"Times New Roman\"'>&nbsp;&nbsp;&nbsp;\n<\/span><\/span><span style='font-size:14.0pt;line-height:115%'>Odpoledn\u00ed<b> <\/b>spont\u00e1nn\u00ed\nnebo didakticky c\u00edlen\u00e9 hry d\u011bt\u00ed ve t\u0159\u00edd\u011b \u010di na zahrad\u011b. <\/span><\/p>\n\n<\/div>\n\n<\/div>\n\t\t\t\t<\/div>\n\t\t\t\t<\/div>\n\t\t\t\t\t\t<\/div>\n\t\t\t<\/div>\n\t\t<\/div>\n\t\t\t\t\t\t<\/div>\n\t\t\t<\/div>\n\t\t<\/section>\n\t\t\t\t\t\t<\/div>\n\t\t\t<\/div>\n\t\t<\/div>\n\t\t","protected":false},"excerpt":{"rendered":"<p><head><br \/>\n<meta http-equiv=Content-Type content=\"text\/html; charset=windows-1250\"><br \/>\n<meta name=Generator content=\"Microsoft Word 15 (filtered)\"><br \/>\n<title>Orienta\u010dn\u00ed \u010dasov\u00e9 rozvr\u017een\u00ed denn\u00edho re\u017eimu<\/title><\/p>\n<style>\n<!--\n \/* Font Definitions *\/\n @font-face\n\t{font-family:Wingdings;\n\tpanose-1:5 0 0 0 0 0 0 0 0 0;}\n@font-face\n\t{font-family:\"Cambria Math\";\n\tpanose-1:2 4 5 3 5 4 6 3 2 4;}\n@font-face\n\t{font-family:Calibri;\n\tpanose-1:2 15 5 2 2 2 4 3 2 4;}\n \/* Style Definitions *\/\n p.MsoNormal, li.MsoNormal, div.MsoNormal\n\t{margin:0cm;\n\tfont-size:12.0pt;\n\tfont-family:\"Times New Roman\",serif;}\nspan.acopre\n\t{mso-style-name:acopre;}\n@page WordSection1\n\t{size:595.3pt 841.9pt;\n\tmargin:48.2pt 49.6pt 48.2pt 2.0cm;}\ndiv.WordSection1\n\t{page:WordSection1;}\n \/* List Definitions *\/\n ol\n\t{margin-bottom:0cm;}\nul\n\t{margin-bottom:0cm;}\n-->\n<\/style>\n<p><\/head><br \/>\n<body lang=CS style='word-wrap:break-word'><\/p>\n<p class=MsoNormal align=center style='text-align:center'><b>JAK VYPAD\u00c1 DEN V&nbsp;MATE\u0158SK\u00c9 \u0160KOLE<\/b><\/p>\n<p class=MsoNormal align=center style='text-align:center'><b>&nbsp;<\/b><\/p>\n<p class=MsoNormal align=center style='text-align:center;line-height:115%'>\u010casov\u00e9 rozvr\u017een\u00ed dne je pouze<br \/>\norienta\u010dn\u00ed a p\u0159izp\u016fsobuje se v\u011bku, pot\u0159eb\u00e1m d\u011bt\u00ed a&nbsp;konkr\u00e9tn\u00edmu denn\u00edmu<br \/>\nprogramu \u0161koly.<\/p>\n<p class=MsoNormal align=center style='text-align:center'>&nbsp;<\/p>\n<p class=MsoNormal><b>Od 6,30 hodin sch\u00e1zen\u00ed<br \/>\nd\u011bt\u00ed, rann\u00ed hry a \u010dinnosti<\/b> <b>dle<br \/>\nvolby a p\u0159\u00e1n\u00ed d\u011bt\u00ed<\/b><\/p>\n<p class=MsoNormal style='margin-left:1.0cm;text-align:justify;text-indent:\n-14.15pt'>\u00b7&nbsp;&nbsp;&nbsp; D\u011bti si vol\u00ed samostatn\u00e9 nebo spole\u010dn\u00e9 \u010dinnosti z<br \/>\nnab\u00eddky aktivit, kter\u00e9 souvis\u00ed s&nbsp;aktu\u00e1ln\u00edm t\u0159\u00eddn\u00edm vzd\u011bl\u00e1vac\u00edm pl\u00e1nem nebo<br \/>\ndle jejich z\u00e1jmu.<\/body><\/meta><\/meta><\/p>\n","protected":false},"author":2,"featured_media":0,"parent":0,"menu_order":0,"comment_status":"closed","ping_status":"closed","template":"","meta":{"ngg_post_thumbnail":0,"footnotes":""},"class_list":["post-2307","page","type-page","status-publish","hentry"],"_links":{"self":[{"href":"https:\/\/www.ms-luzicka.cz\/index.php?rest_route=\/wp\/v2\/pages\/2307"}],"collection":[{"href":"https:\/\/www.ms-luzicka.cz\/index.php?rest_route=\/wp\/v2\/pages"}],"about":[{"href":"https:\/\/www.ms-luzicka.cz\/index.php?rest_route=\/wp\/v2\/types\/page"}],"author":[{"embeddable":true,"href":"https:\/\/www.ms-luzicka.cz\/index.php?rest_route=\/wp\/v2\/users\/2"}],"replies":[{"embeddable":true,"href":"https:\/\/www.ms-luzicka.cz\/index.php?rest_route=%2Fwp%2Fv2%2Fcomments&post=2307"}],"version-history":[{"count":38,"href":"https:\/\/www.ms-luzicka.cz\/index.php?rest_route=\/wp\/v2\/pages\/2307\/revisions"}],"predecessor-version":[{"id":2459,"href":"https:\/\/www.ms-luzicka.cz\/index.php?rest_route=\/wp\/v2\/pages\/2307\/revisions\/2459"}],"wp:attachment":[{"href":"https:\/\/www.ms-luzicka.cz\/index.php?rest_route=%2Fwp%2Fv2%2Fmedia&parent=2307"}],"curies":[{"name":"wp","href":"https:\/\/api.w.org\/{rel}","templated":true}]}}